 123925543.
7, 19, 37, 25183
List the prime factors of 9636605.
5, 11, 175211
List the prime factors of 32673282.
2, 3, 83, 65609
List the prime factors of 1422409817.
1422409817
What are the prime factors of 247822429?
29, 103, 163, 509
What are the prime factors of 899243465?
5, 479, 375467
List the prime factors of 1225220244.
2, 3, 19, 5373773
List the prime factors of 78573238.
2, 29, 1354711
What are the prime factors of 267430761?
3, 13, 263, 2897
What are the prime factors of 747467114?
2, 373733557
What are the prime factors of 217964389?
4091, 53279
What are the prime factors of 23093071?
2477, 9323
List the prime factors of 1034496926.
2, 61, 313, 27091
What are the prime factors of 1068722418?
2, 3, 178120403
List the prime factors of 164447747.
164447747
List the prime factors of 88792026.
2, 3, 29, 510299
What are the prime factors of 403938444?
2, 3, 7, 13, 67, 5521
List the prime factors of 146609.
146609
What are the prime factors of 11900239?
13, 71, 12893
What are the prime factors of 4356345320?
2, 5, 257, 423769
What are the prime factors of 19726651?
7, 461, 6113
List the prime factors of 36117064.
2, 29, 41, 3797
What are the prime factors of 101916622?
2, 43, 1185077
List the prime factors of 45549987.
3, 7, 17, 127591
List the prime factors of 314026346.
2, 17, 163, 56663
List the prime factors of 132592964.
2, 7, 191, 24793
List the prime factors of 411140314.
2, 13, 15813089
What are the prime factors of 795110810?
2, 5, 13, 6116237
List the prime factors of 1688207.
19, 88853
What are the prime factors of 62528384?
2, 488503
List the prime factors of 386344970.
2, 5, 11, 3512227
What are the prime factors of 1983133703?
397, 4995299
What are the prime factors of 2017802488?
2, 13, 17, 1141291
List the prime factors of 3583702004.
2, 15391, 58211
What are the prime factors of 8720617?
8720617
What are the prime factors of 20006493?
3, 13, 53, 9679
List the prime factors of 30176529.
3, 23, 233, 1877
List the prime factors of 5229369.
3, 581041
What are the prime factors of 311557196?
2, 41, 1049, 1811
List the prime factors of 685318358.
2, 342659179
What are the prime factors of 1026370662?
2, 3, 171061777
What are the prime factors of 71053759?
7, 43, 59, 4001
List the prime factors of 1852891943.
7, 264698849
List the prime factors of 134636804.
2, 17, 617, 3209
What are the prime factors of 1337250549?
3, 17, 563, 46573
List the prime factors of 140489448.
2, 3, 11, 433, 1229
What are the prime factors of 3147052856?
2, 29, 13564883
What are the prime factors of 98068235?
5, 67, 83, 3527
What are the prime factors of 142766524?
2, 53, 673427
List the prime factors of 460309507.
7, 109, 463, 1303
What are the prime factors of 825897715?
5, 157, 1052099
List the prime factors of 272339012.
2, 11, 137, 45179
What are the prime factors of 26911725?
3, 5, 23, 15601
List the prime factors of 1556792415.
3, 5, 34595387
List the prime factors of 986358055.
5, 79, 2497109
List the prime factors of 72098789.
7, 127, 81101
List the prime factors of 1531005968.
2, 269, 355717
What are the prime factors of 1108342192?
2, 79, 876853
What are the prime factors of 112349901?
3, 37449967
What are the prime factors of 119331841?
119331841
What are the prime factors of 212132455?
5, 42426491
What are the prime factors of 821001343?
19, 41, 59, 17863
What are the prime factors of 1245596670?
2, 3, 5, 227, 20323
What are the prime factors of 4801209601?
1543, 3111607
What are the prime factors of 1237053635?
5, 247410727
What are the prime factors of 117512613?
3, 331, 487
What are the prime factors of 137075469?
3, 23, 1986601
List the prime factors of 103894577.
139, 293, 2551
What are the prime factors of 280658641?
8291, 33851
What are the prime factors of 58489076?
2, 14622269
What are the prime factors of 985284091?
11, 89571281
List the prime factors of 296878459.
113, 2627243
What are the prime factors of 1615496948?
2, 13, 2081, 14929
What are the prime factors of 9071214?
2, 3, 101, 14969
What are the prime factors of 4539011618?
2, 29, 78258821
What are the prime factors of 1860295657?
11, 37, 4570751
What are the prime factors of 522316711?
7, 163, 229, 1999
What are the prime factors of 5996466035?
5, 7, 171327601
List the prime factors of 145931991.
3, 1753, 27749
List the prime factors of 1304532832.
2, 40766651
List the prime factors of 2585981.
2585981
List the prime factors of 1956384717.
3, 7, 43, 59, 36721
List the prime factors of 1678989929.
19, 88367891
What are the prime factors of 3526854607?
67, 52639621
List the prime factors of 68697943.
89, 771887
What are the prime factors of 30296000?
2, 5, 7, 541
What are the prime factors of 87350001?
3, 29, 691, 1453
List the prime factors of 2508409537.
2508409537
What are the prime factors of 764397679?
764397679
List the prime factors of 107320406.
2, 743, 72221
What are the prime factors of 65228881?
17, 19, 201947
List the prime factors of 435970046.
2, 113, 1929071
List the prime factors of 317675387.
127, 257, 9733
List the prime factors of 13169714.
2, 6584857
What are the prime factors of 6969329?
1823, 3823
What are the prime factors of 58521630?
2, 3, 5, 131, 14891
List the prime factors of 3001064662.
2, 1913, 784387
What are the prime factors of 122479370?
2, 5, 13, 23, 137
What are the prime factors of 62365453?
83, 263, 2857
List the prime factors of 71841971.
71841971
What are the prime factors of 28663007?
28663007
What are the prime factors of 32863557?
3, 71, 277, 557
What are the prime factors of 26924774?
2, 13462387
List the prime factors of 177496566.
2, 3, 13, 23, 98939
List the prime factors of 225627965.
5, 47, 960119
What are the prime factors of 4336908046?
2, 17, 127556119
What are the prime factors of 602868845?
5, 563, 214163
List the prime factors of 534254669.
13, 2311, 17783
What are the prime factors of 178441669?
7, 29, 879023
What are the prime factors of 94470044?
2, 71, 332641
List the prime factors of 2181334844.
2, 13, 41948747
List the prime factors of 51098914.
2, 25549457
What are the prime factors of 96827054?
2, 73, 149, 4451
What are the prime factors of 1544379135?
3, 5, 13, 7919893
What are the prime factors of 1336890043?
47, 28444469
What are the prime factors of 55074725?
5, 2202989
What are the prime factors of 480447555?
3, 5, 7, 4575691
What are the prime factors of 33525361?
33525361
What are the prime factors of 83464553?
83464553
List the prime factors of 394938047.
7, 19, 31, 95789
What are the prime factors of 726251663?
31, 449, 52177
What are the prime factors of 45230256?
2, 3, 29, 10831
What are the prime factors of 911780870?
2, 5, 7, 11, 13, 79, 1153
List the prime factors of 118574568.
2, 3, 7, 23, 53, 193
List the prime factors of 480038208.
2, 3, 13, 192323
What are the prime factors of 61991759?
61991759
What are the prime factors of 3149928587?
13, 242302199
List the prime factors of 1869404727.
3, 623134909
List the prime factors of 513865768.
2, 13, 37, 133541
What are the prime factors of 889564219?
17, 3691, 14177
What are the prime factors of 464443657?
19, 24444403
What are the prime factors of 136547510?
2, 5, 11, 1241341
List the prime factors of 85508017.
7, 977, 12503
List the prime factors of 49562338.
2, 7, 3540167
What are the prime factors of 12021104?
2, 751319
List the prime factors of 4346038577.
23, 131, 1442429
What are the prime factors of 46104650?
2, 5, 23, 47, 853
What are the prime factors of 51540054?
2, 3, 8590009
What are the prime factors of 1771483344?
2, 3, 31, 1190513
List the prime factors of 3323506536.
2, 3, 7, 942037
List the prime factors of 5266242624.
2, 3, 27428347
List the prime factors of 317811927.
3, 181, 585289
List the prime factors of 1525945530.
2, 3, 5, 50864851
List the prime factors of 47245759.
11, 239, 17971
List the prime factors of 36141999.
3, 12047333
List the prime factors of 2076425938.
2, 907, 1144667
What are the prime factors of 1439860981?
13, 1373, 80669
List the prime factors of 100130418.
2, 3, 19, 32531
What are the prime factors of 618171929?
618171929
What are the prime factors of 35961688?
2, 7, 199, 461
List the prime factors of 3731619815.
5, 7, 11, 9692519
What are the prime factors of 158816861?
7, 2657, 8539
What are th